 -4 + i. Let c = o - -5. Is c composite?
True
Let z = -36 - -50. Is z a prime number?
False
Let q(a) = a**3 - 5*a**2 - 5*a - 4. Let j be q(6). Let r be 186*(0 - (-4)/8). Suppose -j*f + r = f. Is f a composite number?
False
Let g(u) = 418*u**2 - u + 1. Is g(2) composite?
True
Suppose -1 - 11 = 3*x. Let t = x - -6. Is t prime?
True
Let c = 17 + -11. Let w be 1*(-3 - (0 - 4)). Is (1 + w)/(c/9) composite?
False
Let m(g) be the third derivative of 11*g**5/60 + g**4/6 - 5*g**3/6 - 2*g**2. Is m(4) a prime number?
False
Is (0 + (-65)/(-30))*6 composite?
False
Let i(b) = 2*b**3 - 2*b - 2. Suppose -4*u + 0*u - 8 = 0. Let x be i(u). Let h = x + 49. Is h composite?
True
Let s(i) = -9*i + 971. Is s(0) prime?
True
Let g = -83 - -244. Is g a prime number?
False
Suppose 7*w + 174 = 9*w. Is w prime?
False
Suppose 3*l + 108 = -l. Is (436/6)/((-18)/l) prime?
True
Suppose 4*j + 20 = 0, 5*x - 6*j + 3*j - 2285 = 0. Is x a composite number?
True
Suppose 5*n - 26 + 11 = 0. Suppose x = -2*o + 5*o - 9, 0 = 3*o - 2*x - 12. Suppose -2*g + 2*r + 32 = 0, 0 = o*g - n*g + 4*r + 31. Is g prime?
True
Let j(i) = i + 2. Let n be j(3). Let m = n - 7. Is ((-282)/12)/(1/m) prime?
True
Let f = -6 - -7. Suppose 5*h - f = 3*g - 3, -g + 4 = 0. Suppose -h*x - 2*w = -108, -5*x + 266 = 5*w - 4*w. Is x a prime number?
True
Suppose 0 = -4*x + 1551 + 237. Is x a composite number?
True
Let o be (-434)/(-3) - 1/(-3). Is o - (0 - 2 - -2) a composite number?
True
Let x(i) = 3*i**2 + 10*i - 16. Is x(-15) prime?
True
Let d(c) = 123*c - 25. Is d(9) a prime number?
False
Suppose -2*x + 7*x - 745 = 0. Is x a composite number?
False
Suppose -c = 2*w + c - 474, 4*w + c = 948. Is w prime?
False
Suppose 146 = 3*r - b, -5*b = 5*r - 0*b - 230. Suppose -4*w + r = 2*n, -3*w - 5 = 2*w. Is n a composite number?
True
Let r(d) = 14*d**2 - 6*d + 3. Is r(4) a prime number?
False
Suppose -3*a - n = -25, -n + 1 + 0 = 0. Is 4/a - 153/(-2) prime?
False
Suppose 0 = s + 3*s - 1676. Let p = s + -216. Is p composite?
True
Let q(t) = 5*t**2 - 16*t + 4. Let b be q(7). Let s(c) = -40*c**3 + 2*c**2 + 2*c + 1. Let j be s(-1). Suppose 0 = 2*n - j - b. Is n a composite number?
False
Suppose -4*m - m + 307 = -4*p, 2*m - 122 = 2*p. Suppose 5*h - m = 2*h. Is h a composite number?
True
Let u(k) = -10*k**3 - 5*k - 5. Suppose 2*h + 4 = -0*h. Is u(h) composite?
True
Let l be 5 + (-4 - (1 - 3)). Suppose 25 = -5*t - 3*r, -l*t + r = -8*t - 25. Is (-2)/t - (-99)/15 prime?
True
Let h(z) = -168*z**3 + z**2 - z - 1. Suppose -7*b - 4 = -3*b. Is h(b) a prime number?
False
Let l(x) = -5*x**3 + 2*x - 1. Let v be l(1). Let u(i) = i**2 + 3*i - 4. Let p be u(v). Let m(z) = z + 14. Is m(p) a composite number?
True
Let z be (-7 - -1)*(-3)/(-3). Is (-885)/z - 12/(-8) composite?
False
Let z(x) = 129*x - 2. Let r be z(2). Suppose u - 69 = 5*j - 2*j, -4*u + 2*j = -r. Suppose b - u = -2*w, 5*b - w + 173 - 433 = 0. Is b a composite number?
False
Let p(n) = n**3 + n**2 - 1. Let u be p(-2). Let f be (-1)/u + (-96)/30. Is (6/4)/(f/(-28)) a prime number?
False
Is (-11)/(-11)*691/1 composite?
False
Let a(p) = -p**3 + p**2 + 10*p - 5. Let t be a(10). Let n = -128 - t. Is n a prime number?
True
Let l be (-2 - 2 - 2)*1. Let s be 23/7 + l/21. Suppose s*b = 3*o - 102, -5*o + 0*b - 3*b = -146. Is o a composite number?
False
Let x = 7 + -8. Let f(g) = g**2 - 1. Let p be f(x). Suppose p*m - 143 = -2*m + 5*s, -3*s = -2*m + 149. Is m composite?
False
Suppose 7767 = 2*z + 4*l - 3495, 0 = -3*z - l + 16883. Is z composite?
True
Let y be ((-4)/(-3))/((-6)/(-45)). Suppose -y*u + 15*u = 1615. Is u composite?
True
Let z(t) be the third derivative of t**5/20 + 5*t**4/24 + 7*t**3/6 - t**2. Is z(-6) composite?
True
Let m(u) = -u**2 + 7*u - 6. Let s be m(4). Is ((-212)/s)/(6/(-9)) a composite number?
False
Suppose 1 + 11 = 4*o. Let h(x) = x + 2. Let y be h(-2). Suppose y = 5*v - 2*s - 187, o*s - 59 + 210 = 4*v. Is v a composite number?
False
Let w = -8 - -11. Suppose 0 - 4 = -4*o, o = -w*a + 1. Suppose a = -2*k - 0*k + 14. Is k composite?
False
Suppose -o + 3*o = -10, 5*o + 1171 = 2*d. Is d a prime number?
False
Let u(j) = j**3 + 8*j**2 + 7*j + 3. Let y be u(-7). Suppose 2*g + 10 = y*g. Suppose 3 = -f + g. Is f composite?
False
Let r = 7 - 3. Let f(d) = 7*d**2 + 2*d - 1. Let x be f(r). Let n = x - 85. Is n a prime number?
False
Is (-21 + 7)*(-5)/2 prime?
False
Let s(z) = -4*z**3 - z - 1. Let r(v) = 2*v + 2. Let q be r(-2). Is s(q) prime?
False
Let x(l) = 2*l**2 + 5*l + 1. Let z be x(-6). Suppose 4*v - 35 = -2*w + 5, 5*w + z = 3*v. Is v prime?
True
Suppose -471 = -2*o + 199. Is o a prime number?
False
Is (319/2 - -1)*2 a prime number?
False
Let z be (-40)/(-6)*(4 + -1). Let s be (-3)/2*z/(-3). Is 2/s + 416/20 a composite number?
True
Suppose i = 3*j + j - 411, -417 = -4*j - 5*i. Suppose -2*y + 0*u = -u - j, -4*u + 12 = 0. Suppose -4*o + y + 31 = 0. Is o a composite number?
True
Let f(q) = q**2 + 4*q + 9. Is f(12) composite?
True
Let w(a) = a**3 + 14*a**2 + 18*a + 13. Is w(-12) a composite number?
True
Let t(y) = y**2 - 2*y - 1. Let r be t(3). Let k(o) = -10*o**2 - 2 + 3 + 9*o**r + 6*o. Is k(3) composite?
True
Suppose 4075 = 4*v + 795. Let l be -2 - (v - -2)/(-3). Suppose 0 = -4*m + 4, -5*n - 5*m = -2*n - l. Is n composite?
False
Let h(b) = b**3 - 12*b**2 - 3*b + 3. Is h(13) a composite number?
True
Let m be 4/(-22) - 3296/22. Let v be (4/10)/((-2)/m). Suppose 45 = 3*y - v. Is y a prime number?
False
Let k = -14 - -21. Suppose 0 = -5*j + 5*a + 1890, 2*j = -k*a + 2*a + 721. Is j a composite number?
False
Let n be 3 + -2 + 1 + -2. Suppose 5*x - 6*x + 439 = n. Is x a prime number?
True
Is (-4*(-1846)/4)/2 a composite number?
True
Suppose -452 = -2*b - 4*d, -912 = -6*b + 2*b - 4*d. Is (-8)/(-36) - b/(-18) a prime number?
True
Suppose 6*g - 2*g = 0. Suppose -j + 6 = 2*a, -j = a - 3*a - 2. Is 53/(2 + g - a) a prime number?
True
Suppose -3*r - r = -16, -5*f = -2*r - 522. Let v be 5/(-1*(1 - 2)). Suppose b - 3*z - 27 = 2*z, -v*b - 4*z + f = 0. Is b composite?
True
Let x be 2*(82/4 - -1). Let b(c) = -c**2 - 6*c. Let z be b(-5). Suppose 3*n - 151 = 5*f + 8, 0 = -n + z*f + x. Is n prime?
False
Let m be 2/(-3) + (-6)/(-9). Suppose -q + 9 + 10 = m. Is q a composite number?
False
Let n(h) = -24*h + 1. Let f = -2 - 4. Is n(f) a prime number?
False
Let q(o) = -3*o**3 - 4*o**2 + 3*o + 3. Is q(-8) composite?
False
Let c be 497 - (6 + -2)/4. Is (-1)/(-3) + c/24 a composite number?
True
Let t be 3 + -6 + 146 - -1. Suppose 627 = 3*d + t. Is d composite?
True
Let s = 2 + 1. Let d(f) = -1 - f**2 + s*f**2 + f - f**2 - 5. Is d(-5) a composite number?
True
Let p = 6 + 25. Let n = 70 - p. Suppose n - 154 = -5*r. Is r a composite number?
False
Is 10740/20 - (-2)/2 prime?
False
Let o(l) = -146*l + 8 + 4 - 2 + 1. Is o(-6) a prime number?
True
Let m(l) = 11*l + 21. Let n = 1 + 10. Is m(n) composite?
True
Suppose -4*x + 1813 = 2*k - 3*k, 911 = 2*x + k. Is x a prime number?
False
Let h(a) = 13*a**3 + a**2 - a. Let q be h(4). Is q/4 + -3 - 3 a composite number?
True
Suppose 12*f = f + 7799. Is f a prime number?
True
Is (-2 + 1)*-1 - (-364 + -12) prime?
False
Suppose 0 = n - 0*n + b - 2331, 0 = -3*n - 2*b + 6995. Is n a prime number?
True
Let j = -28 + 40. Let g = -6 + j. Suppose 0 = 2*r - 4*i - 64, -r + 3*i + 7 = g*i. Is r a composite number?
True
Suppose -t + 113 = -248. Is t composite?
True
Suppose -3*n + 2 + 16 = 0. Suppose 0 = 2*a - 7*a - 4*c + 37, -2*c + n = 0. Suppose v - 51 = -a*b, 29 = 3*b - 0*v + v. Is b a composite number?
False
Let m be 3/(-3) + -3498 + 1. Is m/(-42) - (-4)/(-14) a prime number?
True
Is 4928/4 - (4 + -1) prime?
True
Suppose -2*j + 671 = -795. Is j prime?
True
Suppose -10*y + 5*o + 6045 = -5*y, 0 = 5*y - 2*o - 6039. Is y a composite number?
True
Let d(w) = -3*w**3 + w**2 + 2*w + 1. Let r be d(-1). Suppose r*x + x = 36. Is 1/(-3) + 237/x composite?
True
Let j(s) = -2*s - 7. Suppose 6 = -6*y + 5*y. Let o be j(y). Suppose -g + o = -5. Is g composite?
True
Suppose 3*f - 1614 = -3*h, -f = 4*h - 0*h - 529. Is f a composite number?
False
Suppose 6*s = h + s - 754, 3*h = 3*s + 2226. Is h prime?
True
Let k(o) = o**3 - 3*o**2 - o - 6. Suppose 13 - 38 = -5*r. Is k(r) composite?
True
Let i = 10 + -6. Suppose -b - i*o - 16 = -0, 2*b - 4*o = 16. Suppose b = 5*w - 191 - 84. Is w composite?
True
Is -2 